{"id":603,"date":"2023-04-18T10:09:49","date_gmt":"2023-04-18T10:09:49","guid":{"rendered":"https:\/\/www.hpvdiagnostics.com\/?page_id=603"},"modified":"2023-04-24T12:53:19","modified_gmt":"2023-04-24T12:53:19","slug":"o-projekcie","status":"publish","type":"page","link":"https:\/\/www.hpvdiagnostics.com\/index.php\/o-projekcie\/","title":{"rendered":"Szczeg\u00f3\u0142y projektu"},"content":{"rendered":"\n<div id=\"wp-block-themeisle-blocks-advanced-columns-eba27d97\" class=\"wp-block-themeisle-blocks-advanced-columns has-1-columns has-desktop-equal-layout has-tablet-equal-layout has-mobile-equal-layout has-vertical-unset\"><div class=\"wp-block-themeisle-blocks-advanced-columns-overlay\"><\/div><div class=\"innerblocks-wrap\">\n<div id=\"wp-block-themeisle-blocks-advanced-column-44895d00\" class=\"wp-block-themeisle-blocks-advanced-column\">\n<p><strong>Celem projektu jest opracowanie metody diagnostyki dw\u00f3ch najbardziej onkogennych typ\u00f3w wirusa brodawczaka ludzkiego (ang.&nbsp;<em>Human Papillomavirus<\/em>) HPV typ 16 oraz HPV typ 18 niewymagaj\u0105cej pe\u0142nej procedury izolacji materia\u0142u genetycznego z wymazu z gard\u0142a\/\u015bliny wraz wst\u0119pn\u0105 walidacj\u0119 zestawu do diagnostyki HPV 16 oraz HPV 18 w oparciu o identyfikacj\u0119 genetyczn\u0105 za pomoc\u0105 metody Real-Time LAMP \u2013 Real-Time Loop Mediated Isothermal Amplification.<\/strong>&nbsp;<\/p>\n\n\n\n<p>Dzi\u0119ki uproszczonej technice procedowania pr\u00f3bki mo\u017cliwe b\u0119dzie wykorzystania podej\u015bcia znanego jako Direct-LAMP \u2013 upraszczaj\u0105cego \u017cmudny proces izolacji materia\u0142u genetycznego.<\/p>\n\n\n\n<p>W sk\u0142ad zestawu testowego wchodzi\u0107 b\u0119dzie:<\/p>\n\n\n\n<ul class=\"wp-block-list\">\n<li>Zestaw bufor\u00f3w do przechowywania pr\u00f3bki i\/lub przyspieszonej izolacji materia\u0142u genetycznego.<\/li>\n\n\n\n<li>MasterMix (mieszanina zawieraj\u0105ca wszystkie komponenty reakcji amplifikacji za wyj\u0105tkiem analizowanej pr\u00f3bki i ewentualnie wody) do wykrywania dw\u00f3ch najbardziej onkogennych typ\u00f3w wirusa HPV zawieraj\u0105cy wszystkie niezb\u0119dne komponenty testu (m.in. polimeraza o w\u0142a\u015bciwo\u015bciach przemieszczania nici, dNTPs, UDG) oraz ewentualnie kontrola wewn\u0119trzna ukierunkowana na ludzkie DNA.<\/li>\n\n\n\n<li>Kontrola dodatnia testu \u2013 cDNA dla namna\u017canych na etapie amplifikacji fragment\u00f3w genomu HPV 16 oraz HPV 18 oraz ludzkiego materia\u0142u genetycznego.<\/li>\n<\/ul>\n\n\n\n<p>Realizacja Projektu planowana jest na 10 miesi\u0119cy i zosta\u0142a podzielona na 3 zadania:<\/p>\n\n\n\n<p>\u25cf&nbsp;&nbsp;&nbsp;&nbsp; Zadanie 1. Prace nad opracowaniem zestawu bufor\u00f3w do przechowywania pr\u00f3bki i\/lub przyspieszonej izolacji materia\u0142u genetycznego.<\/p>\n\n\n\n<p>\u25cf&nbsp;&nbsp;&nbsp;&nbsp; Zadanie 2. Prace nad skr\u00f3ceniem czasu amplifikacji materia\u0142u genetycznego w te\u015bcie Direct do mniej ni\u017c 15 min.<\/p>\n\n\n\n<p>\u25cf&nbsp;&nbsp;&nbsp;&nbsp; Zadanie 3. Prace nad analiz\u0105 kompatybilno\u015bci zestawu diagnostycznego z wiod\u0105cymi termocyklerami Real-Time PCR.<\/p>\n\n\n\n<p>Opisywany Projekt B+R realizowany b\u0119dzie w ramach fazy PoC.<\/p>\n\n\n\n<p>Dzia\u0142ania badawczo-rozwojowe b\u0119d\u0105 prowadzone w Polsce; ich rezultaty b\u0119d\u0105 podlega\u0142y ochronie m.in. na terytorium Polski.<\/p>\n<\/div>\n<\/div><\/div>\n","protected":false},"excerpt":{"rendered":"","protected":false},"author":1,"featured_media":0,"parent":0,"menu_order":0,"comment_status":"closed","ping_status":"open","template":"","meta":{"neve_meta_sidebar":"","neve_meta_container":"","neve_meta_enable_content_width":"","neve_meta_content_width":0,"neve_meta_title_alignment":"","neve_meta_author_avatar":"","neve_post_elements_order":"","neve_meta_disable_header":"","neve_meta_disable_footer":"","neve_meta_disable_title":"","_themeisle_gutenberg_block_has_review":false,"footnotes":""},"class_list":["post-603","page","type-page","status-publish","hentry"],"_links":{"self":[{"href":"https:\/\/www.hpvdiagnostics.com\/index.php\/wp-json\/wp\/v2\/pages\/603","targetHints":{"allow":["GET"]}}],"collection":[{"href":"https:\/\/www.hpvdiagnostics.com\/index.php\/wp-json\/wp\/v2\/pages"}],"about":[{"href":"https:\/\/www.hpvdiagnostics.com\/index.php\/wp-json\/wp\/v2\/types\/page"}],"author":[{"embeddable":true,"href":"https:\/\/www.hpvdiagnostics.com\/index.php\/wp-json\/wp\/v2\/users\/1"}],"replies":[{"embeddable":true,"href":"https:\/\/www.hpvdiagnostics.com\/index.php\/wp-json\/wp\/v2\/comments?post=603"}],"version-history":[{"count":7,"href":"https:\/\/www.hpvdiagnostics.com\/index.php\/wp-json\/wp\/v2\/pages\/603\/revisions"}],"predecessor-version":[{"id":951,"href":"https:\/\/www.hpvdiagnostics.com\/index.php\/wp-json\/wp\/v2\/pages\/603\/revisions\/951"}],"wp:attachment":[{"href":"https:\/\/www.hpvdiagnostics.com\/index.php\/wp-json\/wp\/v2\/media?parent=603"}],"curies":[{"name":"wp","href":"https:\/\/api.w.org\/{rel}","templated":true}]}}