{"id":174,"date":"2020-01-30T09:28:53","date_gmt":"2020-01-30T09:28:53","guid":{"rendered":"https:\/\/demosites.io\/architecture-gb\/?page_id=174"},"modified":"2023-05-16T12:29:46","modified_gmt":"2023-05-16T12:29:46","slug":"str-glowna","status":"publish","type":"page","link":"https:\/\/www.hpvdiagnostics.com\/","title":{"rendered":"Home"},"content":{"rendered":"\n<section id=\"wp-block-themeisle-blocks-advanced-columns-335a2f03\" class=\"wp-block-themeisle-blocks-advanced-columns alignfull has-2-columns has-desktop-equal-layout has-tablet-equal-layout has-mobile-collapsedRows-layout has-vertical-flex-start\"><div class=\"wp-block-themeisle-blocks-advanced-columns-overlay\"><\/div><div class=\"innerblocks-wrap\">\n<div id=\"wp-block-themeisle-blocks-advanced-column-5d90343f\" class=\"wp-block-themeisle-blocks-advanced-column\">\n<div id=\"wp-block-themeisle-blocks-advanced-columns-85c4b73c\" class=\"wp-block-themeisle-blocks-advanced-columns has-1-columns has-desktop-equal-layout has-tablet-equal-layout has-mobile-equal-layout has-vertical-unset\"><div class=\"wp-block-themeisle-blocks-advanced-columns-overlay\"><\/div><div class=\"innerblocks-wrap\">\n<div id=\"wp-block-themeisle-blocks-advanced-column-0999aa5f\" class=\"wp-block-themeisle-blocks-advanced-column\">\n<h1 class=\"wp-block-heading ticss-bce009f5 has-neve-text-color-color has-text-color\" style=\"font-size:54px\">szybka<br>Diagnostyka<br>Wirusa hpv<\/h1>\n\n\n\n<p class=\"has-neve-text-color-color has-text-color has-medium-font-size\">Opracowujemy skr\u00f3con\u0105  metod\u0119 diagnostyki dw\u00f3ch najbardziej onkogennych typ\u00f3w wirusa brodawczaka ludzkiego<\/p>\n\n\n\n<div class=\"wp-block-buttons is-layout-flex wp-block-buttons-is-layout-flex\">\n<div class=\"wp-block-button is-style-secondary ticss-ac769ba3\" style=\"text-decoration:underline\"><a class=\"wp-block-button__link has-neve-link-color-color has-nv-site-bg-background-color has-text-color has-background wp-element-button\" href=\"#o-projekcie\">Wi\u0119cej o projekcie<\/a><\/div>\n<\/div>\n<\/div>\n<\/div><\/div>\n<\/div>\n\n\n\n<div id=\"wp-block-themeisle-blocks-advanced-column-95c51107\" class=\"wp-block-themeisle-blocks-advanced-column\">\n<figure class=\"wp-block-image size-large\"><img loading=\"lazy\" decoding=\"async\" width=\"1024\" height=\"934\" src=\"https:\/\/www.hpvdiagnostics.com\/wp-content\/uploads\/2023\/05\/graphics-04-2-1024x934.png\" alt=\"\" class=\"wp-image-1025\" srcset=\"https:\/\/www.hpvdiagnostics.com\/wp-content\/uploads\/2023\/05\/graphics-04-2-1024x934.png 1024w, https:\/\/www.hpvdiagnostics.com\/wp-content\/uploads\/2023\/05\/graphics-04-2-300x273.png 300w, https:\/\/www.hpvdiagnostics.com\/wp-content\/uploads\/2023\/05\/graphics-04-2-768x700.png 768w, https:\/\/www.hpvdiagnostics.com\/wp-content\/uploads\/2023\/05\/graphics-04-2.png 1211w\" sizes=\"auto, (max-width: 1024px) 100vw, 1024px\" \/><\/figure>\n<\/div>\n<\/div><\/section>\n\n\n\n<div id=\"o-projekcie\" class=\"wp-block-themeisle-blocks-advanced-columns alignfull has-1-columns has-desktop-equal-layout has-tablet-equal-layout has-mobile-equal-layout has-vertical-unset\"><div class=\"wp-block-themeisle-blocks-advanced-columns-overlay\"><\/div><div class=\"innerblocks-wrap\">\n<div id=\"wp-block-themeisle-blocks-advanced-column-1a2d16c7\" class=\"wp-block-themeisle-blocks-advanced-column\">\n<h6 id=\"wp-block-themeisle-blocks-advanced-heading-8e9a017c\" class=\"wp-block-themeisle-blocks-advanced-heading wp-block-themeisle-blocks-advanced-heading-8e9a017c\">o projekcie<\/h6>\n\n\n\n<h2 class=\"wp-block-heading has-text-color-color has-text-color\">Genetyka dla diagnostyki <\/h2>\n\n\n\n<div class=\"wp-block-columns is-layout-flex wp-container-core-columns-is-layout-1 wp-block-columns-is-layout-flex\">\n<div class=\"wp-block-column is-layout-flow wp-block-column-is-layout-flow\" style=\"flex-basis:100%\">\n<p class=\"ticss-aee4a73e has-nv-site-bg-color has-text-color has-medium-font-size\">Opracowujemy metod\u0119 diagnostyki dw\u00f3ch najbardziej onkogennych typ\u00f3w wirusa brodawczaka ludzkiego (ang.&nbsp;<em>Human Papillomavirus<\/em>) <strong>HPV typ 16<\/strong> oraz <strong>HPV typ 18<\/strong>. <\/p>\n\n\n\n<p class=\"ticss-aee4a73e has-nv-site-bg-color has-text-color has-medium-font-size\">Dotychczasowe, d\u0142ugotrwa\u0142e metody diagnostyczne chcemy zast\u0105pi\u0107 skr\u00f3con\u0105 i r\u00f3wnie skuteczn\u0105 diagnostyk\u0105, kt\u00f3ra nie wymaga pe\u0142nej procedury izolacji materia\u0142u genetycznego z wymazu z gard\u0142a oraz \u015bliny. Dzi\u0119ki uproszczonej technice procedowania pr\u00f3bki mo\u017cliwe b\u0119dzie wykorzystania podej\u015bcia znanego jako Direct-LAMP \u2013 upraszczaj\u0105cego \u017cmudny proces izolacji materia\u0142u genetycznego.<\/p>\n\n\n\n<div class=\"wp-block-buttons ticss-aa54fbf2 is-layout-flex wp-block-buttons-is-layout-flex\">\n<div class=\"wp-block-button has-custom-font-size is-style-secondary\" style=\"font-size:16px;text-transform:uppercase\"><a class=\"wp-block-button__link has-text-align-left wp-element-button\" href=\"https:\/\/www.hpvdiagnostics.com\/index.php\/pl\/str-glowna\/#technologia\"> Wi\u0119cej o naszej technologii<\/a><\/div>\n<\/div>\n<\/div>\n<\/div>\n<\/div>\n<\/div><\/div>\n\n\n\n<div id=\"nasz-cel\" class=\"wp-block-themeisle-blocks-advanced-columns alignfull has-2-columns has-desktop-equal-layout has-tablet-equal-layout has-mobile-collapsedRows-layout has-vertical-unset\"><div class=\"wp-block-themeisle-blocks-advanced-columns-overlay\"><\/div><div class=\"innerblocks-wrap\">\n<div id=\"wp-block-themeisle-blocks-advanced-column-91d6c125\" class=\"wp-block-themeisle-blocks-advanced-column\">\n<h6 id=\"wp-block-themeisle-blocks-advanced-heading-296436c6\" class=\"wp-block-themeisle-blocks-advanced-heading wp-block-themeisle-blocks-advanced-heading-296436c6\">Nasz cel<\/h6>\n\n\n\n<h2 class=\"wp-block-heading has-text-color-color has-text-color\">U\u0142atwiona diagnostyka<\/h2>\n\n\n\n<p class=\"ticss-908caeb4\">Wirus brodawczaka ludzkiego jest jednym z najcz\u0119stszych wirus\u00f3w przenoszonych drog\u0105 p\u0142ciow\u0105 na \u015bwiecie. Wed\u0142ug danych \u015awiatowej Organizacji Zdrowia, w 2020 roku odnotowano oko\u0142o 604 000 nowych przypadk\u00f3w raka szyjki macicy na \u015bwiecie, a oko\u0142o 342 000 zgon\u00f3w z powodu tego nowotworu. <\/p>\n\n\n\n<p class=\"ticss-908caeb4\">Testy na obecno\u015b\u0107 wirusa HPV mog\u0105 pom\u00f3c w wykryciu raka szyjki macicy jeszcze przed wyst\u0105pieniem objaw\u00f3w czy zmian widocznych w badaniach obrazowych, co przek\u0142ada si\u0119 na skuteczno\u015b\u0107 leczenia oraz zmiejszenie ryzyka zgonu.<\/p>\n\n\n\n<p>Naszym celem jest sprawi\u0107, aby taka forma diagnostyki wirusa by\u0142a szeroko dost\u0119pna i w przyst\u0119pnej cenie.<\/p>\n\n\n\n<div class=\"wp-block-buttons ticss-aa54fbf2 is-layout-flex wp-block-buttons-is-layout-flex\">\n<div class=\"wp-block-button is-style-secondary ticss-5f7a7667\" style=\"text-decoration:underline\"><a class=\"wp-block-button__link has-neve-link-color-color has-nv-site-bg-background-color has-text-color has-background wp-element-button\" href=\"https:\/\/www.hpvdiagnostics.com\/index.php\/pl\/hpv-wirus-brodawczaka-ludzkiego-i-ryzyko-zwiazane-z-zakazeniem\/\">Wi\u0119cej o ryzyku zawi\u0105zanym z wirusem HPV<\/a><\/div>\n<\/div>\n<\/div>\n\n\n\n<div id=\"wp-block-themeisle-blocks-advanced-column-e7c071d6\" class=\"wp-block-themeisle-blocks-advanced-column\"><div class=\"wp-block-image ticss-6a7b6edf\">\n<figure class=\"aligncenter size-full\"><img loading=\"lazy\" decoding=\"async\" width=\"858\" height=\"492\" src=\"https:\/\/www.hpvdiagnostics.com\/wp-content\/uploads\/2023\/04\/graphic-2.png\" alt=\"\" class=\"wp-image-928\" srcset=\"https:\/\/www.hpvdiagnostics.com\/wp-content\/uploads\/2023\/04\/graphic-2.png 858w, https:\/\/www.hpvdiagnostics.com\/wp-content\/uploads\/2023\/04\/graphic-2-300x172.png 300w, https:\/\/www.hpvdiagnostics.com\/wp-content\/uploads\/2023\/04\/graphic-2-768x440.png 768w\" sizes=\"auto, (max-width: 858px) 100vw, 858px\" \/><\/figure><\/div><\/div>\n<\/div><\/div>\n\n\n\n<div id=\"technologia\" class=\"wp-block-themeisle-blocks-advanced-columns alignfull has-1-columns has-desktop-equal-layout has-tablet-equal-layout has-mobile-collapsedRows-layout has-vertical-unset\"><div class=\"wp-block-themeisle-blocks-advanced-columns-overlay\"><\/div><div class=\"innerblocks-wrap\">\n<div id=\"wp-block-themeisle-blocks-advanced-column-6348226c\" class=\"wp-block-themeisle-blocks-advanced-column\">\n<h6 id=\"wp-block-themeisle-blocks-advanced-heading-01011c08\" class=\"wp-block-themeisle-blocks-advanced-heading wp-block-themeisle-blocks-advanced-heading-01011c08\">Technologia<\/h6>\n\n\n\n<h2 class=\"wp-block-heading has-text-color-color has-text-color\">testy Direct-LAMP<\/h2>\n\n\n\n<p class=\"ticss-780f0450\">Metoda Real-Time LAMP (Real-Time Loop Mediated Isothermal Amplification) jest nowoczesn\u0105 i zaawansowan\u0105 technik\u0105 diagnostyki molekularnej, kt\u00f3ra umo\u017cliwia szybkie i precyzyjne wykrywanie materia\u0142u genetycznego wirusa HPV typu 16 i 18, kt\u00f3re s\u0105 uwa\u017cane za najbardziej onkogenne typy tego wirusa.<\/p>\n\n\n\n<p class=\"ticss-285f2dcb\">Metoda ta opiera si\u0119 na amplifikacji (powielaniu) konkretnych fragment\u00f3w DNA wirusa w reakcji izotermalnej, czyli przy sta\u0142ej temperaturze. Dzi\u0119ki temu, nie ma potrzeby stosowania cykli termicznych, jak w przypadku innych metod amplifikacji DNA, takich jak PCR (Polimerase Chain Reaction). Jest to jedna z g\u0142\u00f3wnych zalet metody Real-Time LAMP, poniewa\u017c pozwala na szybszy czas reakcji i upraszcza procedur\u0119 diagnostyczn\u0105.<\/p>\n\n\n\n<p class=\"ticss-e3327057\">Metoda Real-Time LAMP jest bardzo precyzyjna i czu\u0142a, co pozwala na dok\u0142adne wykrycie obecno\u015bci testowanego wirusa w pr\u00f3bkach pobranych z wymazu z gard\u0142a lub \u015bliny. Wyniki s\u0105 monitorowane w czasie rzeczywistym, co pozwala na bie\u017c\u0105c\u0105 obserwacj\u0119 procesu amplifikacji DNA. Ta technika diagnostyczna jest r\u00f3wnie\u017c odporna na inhibitory wyst\u0119puj\u0105ce w pr\u00f3bkach klinicznych, co minimalizuje ryzyko fa\u0142szywie ujemnych lub fa\u0142szywie dodatnich wynik\u00f3w. Metoda Real-Time LAMP jest te\u017c bardzo przydatna w wst\u0119pnej walidacji zestaw\u00f3w diagnostycznych, a dzi\u0119ki swojej precyzji i czu\u0142o\u015bci, mo\u017ce by\u0107 stosowana do oceny skuteczno\u015bci nowo opracowanych zestaw\u00f3w diagnostycznych, a tak\u017ce do por\u00f3wnywania wynik\u00f3w z innymi metodami diagnostycznymi, w celu potwierdzenia ich dok\u0142adno\u015bci i niezawodno\u015bci.<\/p>\n<\/div>\n<\/div><\/div>\n\n\n\n<div id=\"wp-block-themeisle-blocks-advanced-columns-2ad5c27a\" class=\"wp-block-themeisle-blocks-advanced-columns alignfull has-1-columns has-desktop-equal-layout has-tablet-equal-layout has-mobile-collapsedRows-layout has-vertical-unset\"><div class=\"wp-block-themeisle-blocks-advanced-columns-overlay\"><\/div><div class=\"innerblocks-wrap\">\n<div id=\"wp-block-themeisle-blocks-advanced-column-f7e0a290\" class=\"wp-block-themeisle-blocks-advanced-column\">\n<h6 id=\"wp-block-themeisle-blocks-advanced-heading-7148c279\" class=\"wp-block-themeisle-blocks-advanced-heading wp-block-themeisle-blocks-advanced-heading-7148c279\">jak to dzia\u0142a<\/h6>\n\n\n\n<h2 class=\"wp-block-heading has-text-color-color has-text-color\">Nasza technologia w 5 krokach<\/h2>\n\n\n\n<p class=\"ticss-780f0450\"><strong>Protok\u00f3\u0142 testu direct<\/strong> &#8211; zwi\u0119kszona przepustowo\u015b\u0107 dzi\u0119ki sprawnemu procesowi pracy z pr\u00f3bk\u0105:<\/p>\n\n\n\n<div class=\"wp-block-columns is-layout-flex wp-container-core-columns-is-layout-2 wp-block-columns-is-layout-flex\">\n<div class=\"wp-block-column is-layout-flow wp-block-column-is-layout-flow\">\n<figure class=\"wp-block-image size-large\"><img loading=\"lazy\" decoding=\"async\" width=\"1024\" height=\"1024\" src=\"https:\/\/www.hpvdiagnostics.com\/wp-content\/uploads\/2023\/05\/steps_hpv-pl-1-1024x1024.png\" alt=\"\" class=\"wp-image-1179\" srcset=\"https:\/\/www.hpvdiagnostics.com\/wp-content\/uploads\/2023\/05\/steps_hpv-pl-1-1024x1024.png 1024w, https:\/\/www.hpvdiagnostics.com\/wp-content\/uploads\/2023\/05\/steps_hpv-pl-1-300x300.png 300w, https:\/\/www.hpvdiagnostics.com\/wp-content\/uploads\/2023\/05\/steps_hpv-pl-1-150x150.png 150w, https:\/\/www.hpvdiagnostics.com\/wp-content\/uploads\/2023\/05\/steps_hpv-pl-1-768x769.png 768w, https:\/\/www.hpvdiagnostics.com\/wp-content\/uploads\/2023\/05\/steps_hpv-pl-1.png 1250w\" sizes=\"auto, (max-width: 1024px) 100vw, 1024px\" \/><\/figure>\n<\/div>\n\n\n\n<div class=\"wp-block-column is-layout-flow wp-block-column-is-layout-flow\">\n<figure class=\"wp-block-image size-large\"><img loading=\"lazy\" decoding=\"async\" width=\"1024\" height=\"1024\" src=\"https:\/\/www.hpvdiagnostics.com\/wp-content\/uploads\/2023\/05\/steps_hpv-pl-2-1024x1024.png\" alt=\"\" class=\"wp-image-1180\" srcset=\"https:\/\/www.hpvdiagnostics.com\/wp-content\/uploads\/2023\/05\/steps_hpv-pl-2-1024x1024.png 1024w, https:\/\/www.hpvdiagnostics.com\/wp-content\/uploads\/2023\/05\/steps_hpv-pl-2-300x300.png 300w, https:\/\/www.hpvdiagnostics.com\/wp-content\/uploads\/2023\/05\/steps_hpv-pl-2-150x150.png 150w, https:\/\/www.hpvdiagnostics.com\/wp-content\/uploads\/2023\/05\/steps_hpv-pl-2-768x768.png 768w, https:\/\/www.hpvdiagnostics.com\/wp-content\/uploads\/2023\/05\/steps_hpv-pl-2.png 1251w\" sizes=\"auto, (max-width: 1024px) 100vw, 1024px\" \/><\/figure>\n<\/div>\n\n\n\n<div class=\"wp-block-column is-layout-flow wp-block-column-is-layout-flow\">\n<figure class=\"wp-block-image size-large\"><img loading=\"lazy\" decoding=\"async\" width=\"1024\" height=\"1024\" src=\"https:\/\/www.hpvdiagnostics.com\/wp-content\/uploads\/2023\/05\/steps_hpv-pl-3-1024x1024.png\" alt=\"\" class=\"wp-image-1181\" srcset=\"https:\/\/www.hpvdiagnostics.com\/wp-content\/uploads\/2023\/05\/steps_hpv-pl-3-1024x1024.png 1024w, https:\/\/www.hpvdiagnostics.com\/wp-content\/uploads\/2023\/05\/steps_hpv-pl-3-300x300.png 300w, https:\/\/www.hpvdiagnostics.com\/wp-content\/uploads\/2023\/05\/steps_hpv-pl-3-150x150.png 150w, https:\/\/www.hpvdiagnostics.com\/wp-content\/uploads\/2023\/05\/steps_hpv-pl-3-768x768.png 768w, https:\/\/www.hpvdiagnostics.com\/wp-content\/uploads\/2023\/05\/steps_hpv-pl-3.png 1251w\" sizes=\"auto, (max-width: 1024px) 100vw, 1024px\" \/><\/figure>\n<\/div>\n\n\n\n<div class=\"wp-block-column is-layout-flow wp-block-column-is-layout-flow\">\n<figure class=\"wp-block-image size-large\"><img loading=\"lazy\" decoding=\"async\" width=\"1024\" height=\"1024\" src=\"https:\/\/www.hpvdiagnostics.com\/wp-content\/uploads\/2023\/05\/steps_hpv-pl-4-1024x1024.png\" alt=\"\" class=\"wp-image-1182\" srcset=\"https:\/\/www.hpvdiagnostics.com\/wp-content\/uploads\/2023\/05\/steps_hpv-pl-4-1024x1024.png 1024w, https:\/\/www.hpvdiagnostics.com\/wp-content\/uploads\/2023\/05\/steps_hpv-pl-4-300x300.png 300w, https:\/\/www.hpvdiagnostics.com\/wp-content\/uploads\/2023\/05\/steps_hpv-pl-4-150x150.png 150w, https:\/\/www.hpvdiagnostics.com\/wp-content\/uploads\/2023\/05\/steps_hpv-pl-4-768x768.png 768w, https:\/\/www.hpvdiagnostics.com\/wp-content\/uploads\/2023\/05\/steps_hpv-pl-4.png 1251w\" sizes=\"auto, (max-width: 1024px) 100vw, 1024px\" \/><\/figure>\n<\/div>\n\n\n\n<div class=\"wp-block-column is-layout-flow wp-block-column-is-layout-flow\">\n<figure class=\"wp-block-image size-large\"><img loading=\"lazy\" decoding=\"async\" width=\"1024\" height=\"1024\" src=\"https:\/\/www.hpvdiagnostics.com\/wp-content\/uploads\/2023\/05\/steps_hpv-pl-5-1024x1024.png\" alt=\"\" class=\"wp-image-1184\" srcset=\"https:\/\/www.hpvdiagnostics.com\/wp-content\/uploads\/2023\/05\/steps_hpv-pl-5-1024x1024.png 1024w, https:\/\/www.hpvdiagnostics.com\/wp-content\/uploads\/2023\/05\/steps_hpv-pl-5-300x300.png 300w, https:\/\/www.hpvdiagnostics.com\/wp-content\/uploads\/2023\/05\/steps_hpv-pl-5-150x150.png 150w, https:\/\/www.hpvdiagnostics.com\/wp-content\/uploads\/2023\/05\/steps_hpv-pl-5-768x768.png 768w, https:\/\/www.hpvdiagnostics.com\/wp-content\/uploads\/2023\/05\/steps_hpv-pl-5.png 1251w\" sizes=\"auto, (max-width: 1024px) 100vw, 1024px\" \/><\/figure>\n<\/div>\n<\/div>\n<\/div>\n<\/div><\/div>\n\n\n\n<div id=\"wp-block-themeisle-blocks-advanced-columns-66160893\" class=\"wp-block-themeisle-blocks-advanced-columns has-1-columns has-desktop-equal-layout has-tablet-equal-layout has-mobile-equal-layout has-vertical-unset\"><div class=\"wp-block-themeisle-blocks-advanced-columns-overlay\"><\/div><div class=\"innerblocks-wrap\">\n<div id=\"wp-block-themeisle-blocks-advanced-column-e0c25047\" class=\"wp-block-themeisle-blocks-advanced-column\">\n<div id=\"kontakt\" class=\"wp-block-themeisle-blocks-advanced-columns alignfull has-2-columns has-desktop-equal-layout has-tablet-equal-layout has-mobile-collapsedRows-layout has-vertical-unset\"><div class=\"wp-block-themeisle-blocks-advanced-columns-overlay\"><\/div><div class=\"innerblocks-wrap\">\n<div id=\"wp-block-themeisle-blocks-advanced-column-7448fb08\" class=\"wp-block-themeisle-blocks-advanced-column\">\n<h2 class=\"wp-block-heading has-neve-text-color-color has-text-color\">Kontakt<\/h2>\n\n\n\n<p style=\"font-size:26px\">office@hpvdiagnostic.com<\/p>\n\n\n\n<hr class=\"wp-block-separator has-text-color has-nv-site-bg-color has-alpha-channel-opacity has-nv-site-bg-background-color has-background is-style-default\"\/>\n\n\n\n<h3 class=\"wp-block-heading has-neve-text-color-color has-text-color has-medium-font-size\"><strong>HPV Diagnostics Sp. z o.o.<\/strong><br>ul. Bierutowska 57 \u2013 59<br>51-317 WROC\u0141AW, POLSKA<\/h3>\n<\/div>\n\n\n\n<div id=\"wp-block-themeisle-blocks-advanced-column-7e7d93d3\" class=\"wp-block-themeisle-blocks-advanced-column\">\n<div id=\"wp-block-themeisle-blocks-form-1ca3e9df\" class=\"wp-block-themeisle-blocks-form\" data-option-name=\"bf9b28ff82ce323187abc5d0feb0d8f07ecd8436_1ca3e9df\"><form class=\"otter-form__container\">\n<h2 class=\"wp-block-heading has-text-align-left has-medium-font-size\">Formularz kontaktowy<\/h2>\n\n\n\n<div id=\"wp-block-themeisle-blocks-form-input-3bd71272\" class=\"wp-block-themeisle-blocks-form-input\"><label for=\"wp-block-themeisle-blocks-form-input-3bd71272-input\" class=\"otter-form-input-label\"><span class=\"otter-form-input-label__label\">Imi\u0119<\/span><span class=\"required\">*<\/span><\/label><input type=\"text\" id=\"wp-block-themeisle-blocks-form-input-3bd71272-input\" required placeholder=\"Twoje imi\u0119\" class=\"otter-form-input\"\/><\/div>\n\n\n\n<div id=\"wp-block-themeisle-blocks-form-input-5cecf867\" class=\"wp-block-themeisle-blocks-form-input\"><label for=\"wp-block-themeisle-blocks-form-input-5cecf867-input\" class=\"otter-form-input-label\"><span class=\"otter-form-input-label__label\">E-mail<\/span><span class=\"required\">*<\/span><\/label><input type=\"email\" id=\"wp-block-themeisle-blocks-form-input-5cecf867-input\" required placeholder=\"Tw\u00f3j adres e-mail\" class=\"otter-form-input\"\/><\/div>\n\n\n\n<div id=\"wp-block-themeisle-blocks-form-textarea-e47148be\" class=\"wp-block-themeisle-blocks-form-textarea\"><label for=\"wp-block-themeisle-blocks-form-textarea-e47148be-input\" class=\"otter-form-textarea-label\"><span class=\"otter-form-textarea-label__label\">Wiadomo\u015b\u0107<\/span><span class=\"required\">*<\/span><\/label><textarea id=\"wp-block-themeisle-blocks-form-textarea-e47148be-input\" required placeholder=\"Tekst wiadomo\u015bci...\" rows=\"10\" class=\"otter-form-textarea-input\"><\/textarea><\/div>\n\n\n<div class=\"protection\" aria-hidden=\"true\"><input type=\"hidden\" id=\"wp-block-themeisle-blocks-form-1ca3e9df_nonce_field\" name=\"wp-block-themeisle-blocks-form-1ca3e9df_nonce_field\" value=\"40e79a2787\" \/><input type=\"hidden\" name=\"_wp_http_referer\" value=\"\/index.php\/wp-json\/wp\/v2\/pages\/174\" \/><input class=\"o-anti-bot\" type=\"checkbox\"><\/div><div class=\"wp-block-button\"><button class=\"wp-block-button__link\" type=\"submit\">Submit<\/button><\/div><\/form><\/div>\n<\/div>\n<\/div><\/div>\n<\/div>\n<\/div><\/div>\n","protected":false},"excerpt":{"rendered":"","protected":false},"author":1,"featured_media":0,"parent":0,"menu_order":0,"comment_status":"closed","ping_status":"closed","template":"page-templates\/template-pagebuilder-full-width.php","meta":{"neve_meta_sidebar":"full-width","neve_meta_container":"","neve_meta_enable_content_width":"on","neve_meta_content_width":100,"neve_meta_title_alignment":"","neve_meta_author_avatar":"","neve_post_elements_order":"","neve_meta_disable_header":"","neve_meta_disable_footer":"","neve_meta_disable_title":"","_themeisle_gutenberg_block_has_review":false,"footnotes":""},"class_list":["post-174","page","type-page","status-publish","hentry"],"_links":{"self":[{"href":"https:\/\/www.hpvdiagnostics.com\/index.php\/wp-json\/wp\/v2\/pages\/174","targetHints":{"allow":["GET"]}}],"collection":[{"href":"https:\/\/www.hpvdiagnostics.com\/index.php\/wp-json\/wp\/v2\/pages"}],"about":[{"href":"https:\/\/www.hpvdiagnostics.com\/index.php\/wp-json\/wp\/v2\/types\/page"}],"author":[{"embeddable":true,"href":"https:\/\/www.hpvdiagnostics.com\/index.php\/wp-json\/wp\/v2\/users\/1"}],"replies":[{"embeddable":true,"href":"https:\/\/www.hpvdiagnostics.com\/index.php\/wp-json\/wp\/v2\/comments?post=174"}],"version-history":[{"count":237,"href":"https:\/\/www.hpvdiagnostics.com\/index.php\/wp-json\/wp\/v2\/pages\/174\/revisions"}],"predecessor-version":[{"id":1187,"href":"https:\/\/www.hpvdiagnostics.com\/index.php\/wp-json\/wp\/v2\/pages\/174\/revisions\/1187"}],"wp:attachment":[{"href":"https:\/\/www.hpvdiagnostics.com\/index.php\/wp-json\/wp\/v2\/media?parent=174"}],"curies":[{"name":"wp","href":"https:\/\/api.w.org\/{rel}","templated":true}]}}